 -21*x + 13. Let t(u) = 3*g(u) + 8*p(u). Is t(13) composite?
False
Suppose 4*p = -0*p + 32. Let f(l) = 3*l**2 + 8*l - 3. Is f(p) composite?
True
Let g = 59 - 29. Let j = 114 + -47. Let b = j - g. Is b a composite number?
False
Suppose h + 1 + 4 = 0. Let f(q) = -2*q**3 - 9*q**2 - 6*q + 1. Let t(v) = 3*v**3 + 13*v**2 + 9*v - 2. Let d(a) = -8*f(a) - 5*t(a). Is d(h) composite?
False
Let l(s) = 2*s**3 + s**2 - 4*s + 3. Let y be l(2). Is -2 + y + 1 + 0 a prime number?
False
Suppose -5*r = 5*s + 35, s + 2*r - 6*r = -2. Let x(z) = z**2 + 3*z + 5. Is x(s) a prime number?
True
Let q(x) = 4*x**2 + 9*x - 6. Is q(7) composite?
True
Let o(r) = -4*r**2 + 7*r - 9. Let f be o(7). Is (4/(-6))/(8/f) a prime number?
True
Let g(v) = -66*v + 1. Is g(-5) a composite number?
False
Suppose -91 - 91 = -2*x. Let l = x - -280. Is l prime?
False
Let d(n) = -157*n**3. Is d(-1) prime?
True
Let d(p) = -p**2 - 3*p + 1. Let q be d(-2). Suppose 4*v = q*o - 306, -216 = 3*v - 4*o + 17. Let h = -8 - v. Is h a composite number?
False
Let c(k) = 1 - 2*k + 3 - 3. Is c(-3) a prime number?
True
Is ((-1)/4)/((-1)/1324) prime?
True
Suppose -3*c + 7*c - 580 = 0. Is c composite?
True
Let g = -2887 - -4424. Is g prime?
False
Let j = -4 - -5. Let c(g) = 105*g**2 - 1. Let v be c(j). Let b = v + -37. Is b composite?
False
Let q = -215 + 472. Is q composite?
False
Suppose 2*b = 5*b - d - 290, -3*d + 3 = 0. Is b composite?
False
Let y(h) = 9*h**2 - 4*h - 1. Is y(4) a composite number?
False
Let v = 1 + -6. Let m = 16 - v. Let n = 52 - m. Is n a prime number?
True
Let x = 0 - -6. Let f(j) = 2*j**2 + 5*j - 5. Is f(x) a prime number?
True
Let z be 2/6 - 38/6. Let q = -3 - z. Suppose -q*k = 5*s + k - 89, -3*s = -4*k - 79. Is s prime?
False
Let x(i) = 93*i**2. Let o be x(-1). Suppose -w = -2*w + o. Suppose 0 = 3*q - 12 - w. Is q a prime number?
False
Suppose -k + 5*k = 0. Suppose k = 2*r - 0*r. Suppose 0 = -r*z + 3*z - 39. Is z composite?
False
Let r(m) = -m**2 - 6*m + 1. Let g be r(-6). Is (5 - 2)*g - -10 composite?
False
Let q(a) = -491*a**3 - a - 1. Is q(-1) prime?
True
Let k(h) be the third derivative of -h**6/40 - h**5/12 - h**4/24 - h**3/3 - 4*h**2. Is k(-5) prime?
False
Let t(d) = -32*d + 23. Is t(-19) a composite number?
False
Is -3 - (-30*3 + 0/(-1)) composite?
True
Let i(x) = x**3 + 6*x**2 - 9*x - 9. Let m be i(-7). Suppose -4*p + l - 17 = -m*p, 0 = l + 4. Suppose z - 30 = -3*f - 4, -z - 2*f = -p. Is z a prime number?
True
Let k be 2/2 - 2/(-2). Suppose 4*i + 9 = -4*l - 7, 10 = 5*l. Is ((-33)/i - 0)*k a composite number?
False
Let o = 1389 - 502. Is o prime?
True
Suppose 5*r - 4*n = 4157 + 44, 2*n = 5*r - 4203. Is r a composite number?
True
Let o be (356/(-8))/((-2)/4). Let w = o - 11. Suppose -4*t + 22 = -w. Is t prime?
False
Let a(u) be the second derivative of 7*u**3/6 - u**2/2 - u. Suppose 3*l + 2*y = -l + 14, 5*y = 2*l + 11. Is a(l) prime?
True
Suppose -4*z + 406 + 60 = -3*p, 2*p = -4. Suppose -2*w - 216 = -4*h, 3*h - z = 3*w + 50. Is h a composite number?
False
Let r(t) = t**2 + 2*t - 5. Is r(-6) a prime number?
True
Let s(o) = 203*o**2 + 1. Let i be s(1). Let b = 309 - i. Suppose 3*u - b = 69. Is u a prime number?
False
Let z(t) = -251*t**3 - t**2 - t. Let b(s) = s**3 + 3*s**2 - 4*s - 1. Let f be b(-4). Is z(f) a prime number?
True
Suppose 2073 = 6*i - 3*i. Is i a prime number?
True
Suppose 3*w + 343 = -470. Let l = w - 116. Let s = -226 - l. Is s composite?
True
Suppose -2*k + 0 = -4. Let c(f) = -5*f - 2. Let q be c(k). Let l = q - -27. Is l a prime number?
False
Let g be (-1572)/(-14) + (-14)/49. Let n(p) = p**2 + 7*p - 5. Let v be n(-8). Let k = g + v. Is k composite?
True
Let r(s) = s**2 + 1. Let x(t) = -10*t**2 - 4*t - 16. Let k be (-2)/(-1*3/18). Let c(f) = k*r(f) + x(f). Is c(-3) composite?
True
Suppose q + 39 = -4*j, 0*q - 3*q - 40 = 5*j. Let t = j - -17. Is t a composite number?
True
Let l = -2 - -4. Let z be 16*11 + 2 + -2. Suppose 0*k - 5*d + z = 3*k, -l*k + 3*d = -149. Is k a prime number?
True
Suppose -2 = 3*j - 8. Suppose 0*l = j*l - 46. Is l a composite number?
False
Suppose -2*w - 2*s = -1370, 4*w + 2*s = -1227 + 3963. Is w a prime number?
True
Is 800 - (5 + (-3 - -1)) prime?
True
Let v(x) = x**2 - 5*x - 2. Let j be v(6). Is -1 - (-129 + -3 + j) prime?
True
Let g = -10 + 16. Suppose 0 = 3*n - 3*d + g*d - 6, 14 = 5*n + 3*d. Suppose 3*o = 2*h + 107, n*h - 24 = -5*o + 125. Is o a prime number?
False
Let d(u) be the first derivative of 4*u**3/3 - u**2 + u + 1. Is d(1) prime?
True
Suppose 6 = -2*a + 2*r + 2, -3*r - 6 = a. Let c(o) = 2*o**2 + 4*o. Let w be c(a). Suppose 4*x - w*x + 406 = 0. Is x a composite number?
True
Let t = -13 - -26. Is t a prime number?
True
Suppose -3*b = -3*l + 390, 0 = -2*l + b + 272 - 9. Is l composite?
True
Suppose i = -2*d - 3*i + 504, -1260 = -5*d + 4*i. Let p = d + 43. Is p a composite number?
True
Suppose 2*l - 185 = 45. Is l prime?
False
Suppose -1 + 5 = -2*h. Let d = 0 + h. Is (d/(-3))/((-4)/(-36)) a composite number?
True
Let k(v) = v**2 + 2*v + 1. Let c be k(-2). Is 369/18 - c/(-2) prime?
False
Is 1017/(-6)*15*8/(-36) composite?
True
Let c = -6 + 4. Let u(p) = -12*p - 1. Let m be u(c). Suppose -2*o = -d + 14 - 56, o = d + m. Is o prime?
True
Let x = 1706 + -1007. Is 2/(-3) + x/9 a prime number?
False
Let o(z) be the third derivative of z**6/120 - z**5/15 + z**4/8 - 5*z**3/6 + 2*z**2. Suppose c = 3*d - 1, 3*c + 8 = 5*c - d. Is o(c) prime?
False
Let f(p) = p**2 + 3*p - 5. Is f(7) a prime number?
False
Suppose 5*i = 3*i - 848. Let g = i + 935. Is g a composite number?
True
Let s be -3*5*516/(-10). Suppose -4*m = -s + 154. Is m composite?
True
Suppose 0*d - 12 = -3*d. Suppose -j - d*j = 510. Let w = 191 + j. Is w a prime number?
True
Suppose -358 = -p + 661. Is p prime?
True
Let u(q) = -q**3 - 8*q**2 - 2*q - 10. Let z be u(-8). Suppose -z*n + n = -210. Suppose -4*f + 2*g = -210, f + 0*g - n = -3*g. Is f composite?
True
Let r(m) = 2*m + 5. Let g be r(-5). Let c = 3 + g. Is (-1)/c*-2 + 92 a prime number?
False
Suppose 705 = 2*o + 135. Suppose -o = -3*l - 2*l. Is l composite?
True
Let f be (-6 - -7)/(0 + 1). Let q(s) = 9*s**3 + s**2 - 1. Is q(f) prime?
False
Let q be (-64)/(-28) - (-4)/(-14). Suppose w - 20 = -2*y + 92, 0 = q*y - 2*w - 106. Suppose -3*s = -s - 3*p - y, 5*p = -s + 21. Is s prime?
False
Let o(c) = -c**3 + 1. Let i be o(0). Let q be 1/(i + 0) + 2. Suppose 2*l - 81 = -q*f, f + 19 + 9 = l. Is l a prime number?
False
Suppose 0 = 4*m - 8*m + 252. Suppose -4*h - 2*v + 1510 = 0, 331 + m = h - 5*v. Is h composite?
False
Suppose 4*s - 4*k - 756 = 0, 2*k = 3*s - 0*k - 569. Is s composite?
False
Suppose -4*v - 14 + 2 = 0. Let t be 3/((-18)/(-4))*v. Is (-109)/(-2)*t*-1 composite?
False
Let y(c) = -c**2 - 19*c + 33. Let l be y(-21). Let t be 3*2/(-4)*-172. Let u = l + t. Is u a prime number?
False
Let v = -7 - 1. Let p = -6 - v. Is 31 + 3 + p/2 composite?
True
Let g be (1 + 2)*4/6. Suppose 5*d - 15 = 0, 5*o - 618 = d + 704. Suppose -5*j - g*u + 16 = -o, 2*u = 3*j - 159. Is j a composite number?
True
Let g(z) = 6*z**2 + z - 3. Let c(p) = 3*p - 4*p**2 - 2 + 7*p**2 - 2*p**2. Let h be c(-2). Is g(h) composite?
False
Let l(f) = f**3 - 8*f**2 - f + 10. Let v be l(8). Suppose -3*z = 5*d + v*z - 375, -5*d + 4*z = -393. Is d prime?
False
Let i(a) = -89*a - 1. Let k be 0 - 6/(-3) - 4. Is i(k) composite?
True
Let v(a) = -a**2 + 7*a - 10. Let z be v(10). Is 216/5 + 8/z a prime number?
True
Suppose 0 = 8*y - 15*y + 7679. Is y prime?
True
Let i(c) = c + 7. Let j be i(-5). Let b = 33 - j. Is b a composite number?
False
Let o = 100 - 9. Let p = o - 42. Is p prime?
False
Let b = 59 + 100. Is b a composite number?
True
Suppose -742 = -y - 2*l - 3*l, 4*y - 2878 = -2*l. Is y composite?
True
Let c(g) = 65*g + 12. Is c(5) a composite number?
False
Suppose -l + 5*l = 308. Is l prime?
False
Let z(w) = 2*w + 9. Let u(j) = 3*j + 18. Let a(r) = -3*u(r) + 5*z(r). Let o be a(11). Suppose -k + 4*p = -38, 3*k = o*k - p + 18. Is k composite?
True
Suppose -16 = -3*a - 1. Suppose a*v - 1108 = w, -4*v + 3*w + 1114 = v. Is v a prime number?
False
Let u = 2164 + -927. Is u a prime number?
True
Let y = -12 - -8. Let r(k) = 3*k + 1 - 5*k + 20*k**3 + 9*k**2 - 19*k**3. Is r(y) composite?
False
Suppose -3*p = -4393 - 1721. Let h = p - 1310. Is (-6)/(-4)*h/12 composite?
True
Is ((